lculate the remainder when 1150 is divided by 32.
30
Calculate the remainder when 36 is divided by 13.
10
Calculate the remainder when 831 is divided by 205.
11
What is the remainder when 67 is divided by 8?
3
Calculate the remainder when 138 is divided by 32.
10
What is the remainder when 62 is divided by 11?
7
Calculate the remainder when 1150 is divided by 219.
55
Calculate the remainder when 10247 is divided by 3415.
2
What is the remainder when 149 is divided by 15?
14
Calculate the remainder when 102 is divided by 58.
44
What is the remainder when 3055 is divided by 23?
19
Calculate the remainder when 125 is divided by 79.
46
What is the remainder when 2358 is divided by 233?
28
Calculate the remainder when 941 is divided by 50.
41
Calculate the remainder when 255 is divided by 16.
15
Calculate the remainder when 3999 is divided by 16.
15
What is the remainder when 468 is divided by 59?
55
Calculate the remainder when 910 is divided by 153.
145
What is the remainder when 56 is divided by 8?
0
Calculate the remainder when 35 is divided by 7.
0
What is the remainder when 333 is divided by 47?
4
Calculate the remainder when 746 is divided by 22.
20
What is the remainder when 91 is divided by 6?
1
Calculate the remainder when 112 is divided by 13.
8
Calculate the remainder when 3049 is divided by 28.
25
Calculate the remainder when 330 is divided by 37.
34
What is the remainder when 542 is divided by 50?
42
Calculate the remainder when 752 is divided by 14.
10
Calculate the remainder when 3628 is divided by 1204.
16
What is the remainder when 718 is divided by 26?
16
What is the remainder when 333 is divided by 56?
53
Calculate the remainder when 3166 is divided by 12.
10
Calculate the remainder when 147 is divided by 31.
23
Calculate the remainder when 88 is divided by 21.
4
What is the remainder when 606 is divided by 300?
6
Calculate the remainder when 398 is divided by 208.
190
What is the remainder when 168 is divided by 19?
16
Calculate the remainder when 254 is divided by 67.
53
What is the remainder when 1857 is divided by 101?
39
What is the remainder when 312 is divided by 81?
69
What is the remainder when 185 is divided by 155?
30
What is the remainder when 53 is divided by 20?
13
What is the remainder when 547 is divided by 94?
77
Calculate the remainder when 175 is divided by 20.
15
What is the remainder when 54989 is divided by 56?
53
Calculate the remainder when 1056 is divided by 527.
2
Calculate the remainder when 992 is divided by 450.
92
What is the remainder when 6792 is divided by 43?
41
Calculate the remainder when 197 is divided by 40.
37
What is the remainder when 638 is divided by 124?
18
Calculate the remainder when 253 is divided by 51.
49
What is the remainder when 4386 is divided by 23?
16
What is the remainder when 67 is divided by 6?
1
Calculate the remainder when 1117 is divided by 126.
109
Calculate the remainder when 297 is divided by 15.
12
Calculate the remainder when 1631 is divided by 135.
11
Calculate the remainder when 1811 is divided by 45.
11
Calculate the remainder when 1023 is divided by 88.
55
Calculate the remainder when 119 is divided by 60.
59
Calculate the remainder when 1033 is divided by 76.
45
What is the remainder when 350 is divided by 180?
170
Calculate the remainder when 311 is divided by 6.
5
Calculate the remainder when 3777 is divided by 126.
123
Calculate the remainder when 563 is divided by 144.
131
What is the remainder when 3768 is divided by 44?
28
What is the remainder when 167 is divided by 29?
22
Calculate the remainder when 254 is divided by 63.
2
What is the remainder when 1757 is divided by 20?
17
What is the remainder when 34 is divided by 20?
14
Calculate the remainder when 1070 is divided by 67.
65
What is the remainder when 276 is divided by 85?
21
What is the remainder when 828 is divided by 16?
12
Calculate the remainder when 177 is divided by 56.
9
What is the remainder when 2662 is divided by 37?
35
Calculate the remainder when 1132 is divided by 179.
58
Calculate the remainder when 152 is divided by 83.
69
Calculate the remainder when 547 is divided by 25.
22
What is the remainder when 15 is divided by 7?
1
Calculate the remainder when 79 is divided by 22.
13
Calculate the remainder when 206 is divided by 70.
66
Calculate the remainder when 992 is divided by 320.
32
Calculate the remainder when 1623 is divided by 72.
39
What is the remainder when 421 is divided by 61?
55
Calculate the remainder when 294 is divided by 50.
44
Calculate the remainder when 454 is divided by 24.
22
Calculate the remainder when 7774 is divided by 162.
160
What is the remainder when 368 is divided by 116?
20
What is the remainder when 3196 is divided by 1063?
7
Calculate the remainder when 1599 is divided by 100.
99
What is the remainder when 18 is divided by 13?
5
What is the remainder when 782 is divided by 265?
252
What is the remainder when 2790 is divided by 147?
144
Calculate the remainder when 182 is divided by 5.
2
Calculate the remainder when 698 is divided by 140.
138
What is the remainder when 4608 is divided by 50?
8
What is the remainder when 827 is divided by 119?
113
What is the remainder when 47133 is divided by 491?
488
What is the remainder when 1414 is divided by 280?
14
What is the remainder when 6391 is divided by 6379?
12
What is the remainder when 444 is divided by 9?
3
Calculate the remainder when 273 is divided by 268.
5
Calculate the remainder when 763 is divided by 13.
9
Calculate the remainder when 274 is divided by 245.
29
What is the remainder when 6 is divided by 5?
1
What is the remainder when 447 is divided by 41?
37
Calculate the remainder when 27 is divided by 10.
7
Calculate the remainder when 402 is divided by 193.
16
Calculate the remainder when 2928 is divided by 21.
9
Calculate the remainder when 240 is divided by 49.
44
Calculate the remainder when 235 is divided by 40.
35
What is the remainder when 1124 is divided by 37?
14
Calculate the remainder when 538 is divided by 9.
7
What is the remainder when 2860 is divided by 54?
52
Calculate the remainder when 157 is divided by 28.
17
What is the remainder when 1394 is divided by 11?
8
What is the remainder when 471 is divided by 113?
19
What is the remainder when 1099 is divided by 332?
103
Calculate the remainder when 1647 is divided by 55.
52
Calculate the remainder when 2903 is divided by 7.
5
What is the remainder when 238 is divided by 81?
76
What is the remainder when 10553 is divided by 48?
41
What is the remainder when 1424 is divided by 205?
194
What is the remainder when 3548 is divided by 15?
8
What is the remainder when 100 is divided by 14?
2
What is the remainder when 204 is divided by 69?
66
Calculate the remainder when 603 is divided by 125.
103
What is the remainder when 494 is divided by 15?
14
Calculate the remainder when 12548 is divided by 47.
46
What is the remainder when 582 is divided by 45?
42
Calculate the remainder when 7030 is divided by 24.
22
What is the remainder when 36 is divided by 25?
11
What is the remainder when 124 is divided by 108?
16
What is the remainder when 1835 is divided by 11?
9
What is the remainder when 126 is divided by 42?
0
Calculate the remainder when 5652 is divided by 39.
36
Calculate the remainder when 157 is divided by 42.
31
What is the remainder when 1564 is divided by 111?
10
What is the remainder when 2652 is divided by 59?
56
Calculate the remainder when 157 is divided by 69.
19
What is the remainder when 2138 is divided by 80?
58
What is the remainder when 730 is divided by 720?
10
Calculate the remainder when 75 is divided by 69.
6
Calculate the remainder when 12197 is divided by 50.
47
What is the remainder when 835 is divided by 9?
7
What is the remainder when 34 is divided by 28?
6
What is the remainder when 81 is divided by 67?
14
Calculate the remainder when 124 is divided by 122.
2
Calculate the remainder when 594 is divided by 35.
34
Calculate the remainder when 404 is divided by 112.
68
Calculate the remainder when 558 is divided by 68.
14
What is the remainder when 6172 is divided by 95?
92
What is the remainder when 85 is divided by 63?
22
Calculate the remainder when 2524 is divided by 831.
31
Calculate the remainder when